Calculate the greatest common factor of 28749 and 237207.
111
Calculate the highest common divisor of 37460540 and 180.
20
What is the greatest common divisor of 2906 and 240685091?
1453
What is the highest common factor of 12069626 and 174?
58
Calculate the highest common divisor of 23525248 and 32.
32
Calculate the highest common factor of 828735297 and 39.
39
What is the greatest common divisor of 6071616440 and 467?
467
Calculate the greatest common divisor of 367280 and 462400.
80
Calculate the highest common factor of 5913634 and 24910.
4982
What is the highest common divisor of 95461296 and 63?
21
What is the highest common divisor of 116350520 and 260?
260
Calculate the highest common factor of 1300051 and 3.
1
Calculate the greatest common divisor of 533 and 304753.
41
Calculate the highest common divisor of 29043446 and 51.
17
What is the highest common factor of 213 and 547720554?
213
What is the greatest common divisor of 107106 and 2910?
6
Calculate the highest common divisor of 189 and 16163427.
21
What is the highest common divisor of 66994620 and 3780?
420
Calculate the highest common divisor of 210 and 279845300.
70
What is the greatest common divisor of 4816177 and 5871?
1957
Calculate the greatest common factor of 15608468 and 51004.
1244
What is the highest common factor of 3318231 and 98?
49
What is the highest common divisor of 9 and 158192847?
9
Calculate the highest common divisor of 25313 and 51833.
17
Calculate the highest common divisor of 2108906 and 22212.
1234
Calculate the highest common divisor of 20412 and 1144530.
1458
What is the greatest common factor of 86184 and 2278836?
252
What is the greatest common divisor of 262202232 and 48?
24
Calculate the greatest common divisor of 1080 and 146313.
27
Calculate the greatest common factor of 1222 and 10622.
94
What is the greatest common factor of 30465 and 564492078?
6093
Calculate the highest common divisor of 725811 and 1005603.
201
Calculate the highest common factor of 458709 and 6420.
321
What is the highest common divisor of 32940137 and 9356?
2339
Calculate the highest common divisor of 96493089 and 198.
33
What is the highest common divisor of 2977128 and 4296?
4296
Calculate the greatest common divisor of 2352905 and 815.
815
What is the greatest common divisor of 1122748 and 29172?
748
What is the highest common divisor of 9 and 3010800042?
9
What is the greatest common factor of 51628800 and 64?
64
Calculate the greatest common factor of 2102 and 3254.
2
Calculate the greatest common divisor of 46 and 95191020.
46
Calculate the greatest common factor of 1872912 and 144.
48
What is the greatest common divisor of 211581 and 2124?
9
Calculate the highest common divisor of 5084180564 and 12956.
12956
Calculate the greatest common divisor of 740 and 1271535.
5
What is the greatest common divisor of 114 and 1040082?
6
Calculate the highest common factor of 16 and 16275632.
16
Calculate the highest common factor of 15932374 and 57.
19
What is the highest common divisor of 4239 and 2386243?
157
What is the greatest common factor of 34086 and 641516?
874
Calculate the highest common factor of 7246224 and 48.
48
Calculate the highest common divisor of 21809 and 44516029.
193
Calculate the greatest common divisor of 127008 and 61020.
108
What is the highest common factor of 252242 and 7889086?
8698
Calculate the greatest common factor of 331591 and 3887.
299
What is the greatest common factor of 1664 and 151373248?
832
Calculate the highest common factor of 538 and 133850903.
269
What is the greatest common divisor of 2687839 and 83281?
737
Calculate the highest common divisor of 56 and 29320744.
8
What is the greatest common divisor of 11546 and 413632?
46
What is the highest common divisor of 333 and 4623594?
111
What is the highest common factor of 56 and 343756?
28
Calculate the highest common divisor of 1578834 and 399663.
3303
What is the highest common divisor of 50 and 79182925?
25
What is the greatest common factor of 121660 and 261660?
140
What is the greatest common factor of 55861700 and 865?
865
Calculate the highest common divisor of 909 and 555616857.
303
Calculate the greatest common factor of 444 and 5554488.
12
What is the highest common divisor of 13701671 and 6313?
107
What is the highest common divisor of 490448 and 23896?
232
Calculate the greatest common factor of 3 and 338181.
3
Calculate the highest common factor of 26929650 and 1045.
1045
Calculate the highest common divisor of 7726192 and 124.
124
Calculate the greatest common factor of 5922 and 1083246.
6
What is the highest common factor of 234 and 1308126?
6
Calculate the highest common factor of 757147944 and 826.
826
What is the greatest common factor of 8340696 and 2629809?
15561
Calculate the greatest common factor of 627891124 and 28.
28
What is the highest common divisor of 61849184 and 5260?
1052
What is the greatest common divisor of 18228 and 32078242?
3038
Calculate the highest common divisor of 20619 and 246717.
711
Calculate the highest common divisor of 45952984 and 64680.
4312
What is the highest common factor of 3628 and 84042620?
3628
What is the highest common divisor of 182716398 and 810?
162
What is the highest common divisor of 22 and 45379730?
22
What is the greatest common divisor of 56484939 and 42?
21
Calculate the highest common divisor of 10491 and 295905649.
3497
What is the greatest common factor of 552 and 86008224?
552
What is the highest common divisor of 232 and 1739912?
8
Calculate the highest common divisor of 46 and 200068973.
23
What is the highest common divisor of 79245815 and 9482?
4741
What is the greatest common factor of 1000 and 15266500?
500
Calculate the greatest common divisor of 2374 and 436395802.
2374
Calculate the highest common divisor of 27034582 and 3884.
1942
What is the highest common divisor of 1794493902 and 426?
426
What is the highest common factor of 3570 and 341566890?
3570
Calculate the greatest common divisor of 1404 and 505116.
108
Calculate the highest common divisor of 60 and 36328260.
60
What is the greatest common divisor of 3 and 1816923?
3
What is the highest common divisor of 284 and 632?
4
Calculate the highest common factor of 27 and 7181693064.
27
What is the greatest common factor of 563622 and 14568?
6
What is the highest common factor of 109347136 and 12432?
592
Calculate the highest common divisor of 2864114719 and 2591.
2591
Calculate the greatest common factor of 552 and 158827443.
69
Calculate the greatest common divisor of 10012650 and 135.
15
Calculate the highest common factor of 15514 and 1632654575.
7757
What is the greatest common factor of 81984 and 7400176?
112
What is the highest common divisor of 250 and 2691950?
50
Calculate the greatest common divisor of 18040 and 2264840.
1640
Calculate the greatest common factor of 4347 and 4508874.
207
What is the highest common factor of 83716 and 1300?
4
Calculate the greatest common divisor of 200 and 250258720.
40
What is the greatest common factor of 5515172 and 12060?
268
Calculate the highest common divisor of 19658928 and 69.
69
What is the greatest common factor of 294399930 and 44?
22
Calculate the highest common factor of 1725 and 75630.
15
What is the greatest common divisor of 109 and 192079800?
109
Calculate the highest common divisor of 1903 and 44737108.
173
What is the highest common factor of 86 and 562218?
2
Calculate the greatest common divisor of 15264 and 681906480.
2544
What is the greatest common factor of 8031288 and 8?
8
What is the greatest common divisor of 199352181 and 33498?
5583
Calculate the greatest common factor of 3550 and 336682.
142
What is the greatest common factor of 837942 and 2570484?
2982
Calculate the highest common factor of 480 and 15159440.
80
What is the highest common divisor of 3548 and 19218629?
887
What is the highest common divisor of 57603 and 13750870?
1477
Calculate the highest common factor of 44722 and 12979234.
758
What is the highest common factor of 1479 and 6968323?
29
Calculate the highest common divisor of 5936 and 23390384.
848
Calculate the greatest common factor of 3348869 and 23.
23
What is the highest common divisor of 725830483 and 7?
7
Calculate the greatest common divisor of 89024